he greatest common divisor of 214916 and 4212?
52
What is the greatest common divisor of 1434640 and 30?
10
Calculate the highest common divisor of 5100 and 713490.
510
Calculate the greatest common factor of 4575 and 22143.
183
Calculate the highest common factor of 101413 and 2117.
29
Calculate the highest common divisor of 20 and 2059420.
20
Calculate the highest common factor of 1260 and 931455.
315
Calculate the greatest common factor of 195847 and 604.
151
What is the highest common factor of 2685 and 13815?
15
Calculate the greatest common factor of 159485 and 40.
5
What is the highest common divisor of 4752 and 234531?
99
What is the greatest common factor of 1287492 and 4092?
372
What is the highest common factor of 488748 and 13737?
723
Calculate the highest common divisor of 20288 and 512.
64
What is the highest common factor of 73511 and 181697?
1387
Calculate the highest common factor of 29 and 154.
1
Calculate the highest common factor of 2893358 and 26.
26
What is the greatest common divisor of 45 and 772365?
15
Calculate the highest common factor of 6900 and 657156.
276
Calculate the greatest common divisor of 121312 and 2720.
544
Calculate the greatest common divisor of 1763 and 41.
41
What is the highest common divisor of 52 and 234988?
52
What is the highest common divisor of 36 and 123867?
9
What is the highest common divisor of 231475 and 100?
25
What is the highest common divisor of 14920 and 15560?
40
Calculate the greatest common factor of 1095 and 12915.
15
What is the greatest common divisor of 990951 and 156?
39
What is the highest common divisor of 4360 and 130?
10
Calculate the greatest common factor of 34178 and 92.
46
What is the highest common divisor of 20 and 350180?
20
Calculate the highest common factor of 16154 and 902.
82
Calculate the highest common divisor of 78706 and 69.
23
What is the highest common divisor of 200 and 253900?
100
Calculate the highest common divisor of 334408 and 8.
8
What is the highest common divisor of 7136307 and 711?
711
Calculate the greatest common factor of 710 and 865135.
355
Calculate the highest common divisor of 790 and 2070.
10
What is the highest common factor of 26671988 and 28?
28
Calculate the greatest common divisor of 73229 and 344.
43
Calculate the greatest common factor of 29 and 1113397.
29
Calculate the highest common divisor of 208824 and 36.
12
What is the highest common factor of 20 and 20787460?
20
Calculate the highest common factor of 295715 and 10.
5
What is the greatest common divisor of 3180 and 213660?
60
Calculate the highest common factor of 28773 and 161.
23
What is the highest common divisor of 1917342 and 112?
14
What is the highest common factor of 140357 and 105?
7
What is the highest common factor of 37460 and 260?
20
What is the highest common divisor of 24 and 16552?
8
What is the highest common factor of 922379 and 913?
83
What is the greatest common divisor of 160 and 74496?
32
Calculate the highest common factor of 2090668 and 268.
268
What is the greatest common divisor of 5 and 10494685?
5
What is the highest common divisor of 4608664 and 776?
776
Calculate the greatest common divisor of 4 and 144228.
4
What is the greatest common divisor of 10586 and 632?
158
What is the highest common factor of 1480 and 21275?
185
Calculate the highest common divisor of 269 and 151985.
269
What is the greatest common factor of 11080 and 72?
8
Calculate the greatest common divisor of 235 and 32665.
235
What is the highest common divisor of 1768 and 21841872?
1768
Calculate the greatest common factor of 72 and 248.
8
What is the greatest common divisor of 34 and 2320?
2
Calculate the greatest common factor of 32 and 6584.
8
Calculate the greatest common factor of 80 and 385480.
40
Calculate the highest common factor of 394 and 3593280.
394
What is the highest common factor of 83944 and 784?
56
Calculate the highest common factor of 234 and 4608.
18
What is the highest common factor of 2496 and 827328?
192
Calculate the greatest common factor of 317117 and 2696.
337
What is the greatest common factor of 1968 and 738?
246
Calculate the greatest common factor of 567 and 6993.
189
What is the highest common divisor of 50349 and 3159?
39
What is the highest common factor of 1574115 and 425?
85
Calculate the greatest common divisor of 13490 and 60.
10
Calculate the greatest common divisor of 6874868 and 1547.
1547
What is the highest common divisor of 2794 and 27178?
254
Calculate the greatest common factor of 623810 and 1650.
110
What is the highest common divisor of 267102 and 66?
66
What is the greatest common divisor of 227367 and 1701?
567
What is the highest common divisor of 121675 and 1099?
157
What is the greatest common divisor of 10900 and 29425?
25
What is the highest common divisor of 6403 and 247?
19
What is the highest common divisor of 4466 and 7953?
11
What is the highest common factor of 531 and 3013425?
531
Calculate the greatest common factor of 74100 and 684.
228
What is the greatest common factor of 36751 and 91?
13
What is the highest common factor of 21051 and 171?
9
What is the highest common factor of 6203898 and 131?
131
Calculate the greatest common divisor of 11 and 468347.
11
What is the highest common factor of 22016 and 774?
86
Calculate the highest common factor of 32 and 36832.
32
Calculate the greatest common factor of 3145 and 7650.
85
What is the highest common factor of 549507 and 4584?
573
Calculate the highest common factor of 191 and 65513.
191
Calculate the greatest common factor of 68 and 1853.
17
Calculate the greatest common factor of 11623 and 13.
1
Calculate the greatest common factor of 11029 and 56759.
269
What is the highest common factor of 1162146 and 174?
174
Calculate the greatest common factor of 429 and 254579.
13
What is the highest common factor of 1968537 and 393?
393
Calculate the highest common factor of 53303 and 6001.
353
Calculate the highest common divisor of 10241 and 47861.
209
Calculate the highest common divisor of 279196 and 223.
223
Calculate the greatest common divisor of 1179303 and 318.
159
Calculate the highest common factor of 73473 and 9.
3
Calculate the greatest common divisor of 104 and 8398.
26
Calculate the greatest common divisor of 2931246 and 54.
18
What is the greatest common factor of 473294 and 46?
46
Calculate the highest common divisor of 157183 and 428.
107
Calculate the greatest common divisor of 4267 and 634528.
251
Calculate the greatest common divisor of 972 and 4644.
108
What is the highest common factor of 816 and 24582?
102
What is the greatest common factor of 2965830 and 203?
203
What is the highest common factor of 33 and 19371?
33
Calculate the highest common divisor of 348 and 228.
12
Calculate the greatest common divisor of 909 and 6732.
9
Calculate the greatest common factor of 429 and 30690.
33
Calculate the greatest common factor of 204 and 5729.
17
What is the greatest common factor of 20952 and 3096?
72
What is the highest common factor of 1918783 and 111?
37
What is the greatest common divisor of 5050 and 250?
50
What is the highest common divisor of 11523 and 897?
69
Calculate the greatest common divisor of 2812184 and 1256.
1256
Calculate the highest common factor of 595 and 652715.
595
Calculate the highest common factor of 721 and 60461.
103
What is the highest common factor of 418 and 1090980?
418
Calculate the greatest common factor of 102 and 597822.
102
Calculate the highest common factor of 484 and 329846.
242
Calculate the greatest common factor of 161 and 11914.
161
Calculate the greatest common factor of 30450 and 11235.
105
What is the highest common divisor of 734670 and 210?
30
Calculate the greatest common divisor of 30 and 282830.
10
Calculate the highest common divisor of 3927 and 2541.
231
What is the highest common factor of 16125 and 5500?
125
What is the highest common divisor of 549 and 3312?
9
What is the greatest common divisor of 9 and 11260?
1
What is the greatest common factor of 388 and 59558?
194
What is the highest common factor of 16262 and 4324?
94
Calculate the highest common divisor of 1535 and 145.
5
What is the highest common factor of 1368926 and 37?
37
What is the greatest common divisor of 877632 and 168?
168